+ -6?
-2
Evaluate 13 + (7 - 14) - (0 + 7).
-1
Calculate 1 - (-2 - (-6 - -4)).
1
Calculate -12 + (10 - 7) + 5.
-4
What is the value of 0 - (-8 + 2 + -3 + 6)?
3
Calculate 7 - -1 - ((0 - -4) + 0).
4
What is 3 + -7 + 2 + 7?
5
What is the value of 11 + -5 + 11 + -16?
1
What is the value of -1 - (5 - 6) - (1 + -2)?
1
What is the value of 2 - ((-4 - -5) + 0)?
1
What is the value of -5 + -5 + 4 + 2?
-4
Calculate 5 + -6 + 5 - 6.
-2
What is the value of -6 - (0 + -7 - (-1 + 2))?
2
What is the value of -1 + (3 - -3) + -4 - 2?
-1
Evaluate (12 - (11 - 7)) + -12.
-4
(1 - 5) + (8 - -2)
6
10 + -11 + -17 - -10
-8
Calculate (9 + -2 - 8) + 6.
5
-8 - (-12 + 10 + -6)
0
Calculate -5 - (13 + -20 + 1 + -1).
2
Evaluate -3 + 1 + -5 + (9 - -3).
5
What is 2 + 5 + -1 + -9?
-3
Evaluate 4 - (1 + -4 + 1 + 4).
2
Evaluate -4 + -1 + 7 + (-13 - -15).
4
Calculate 3 + (4 - 1) - 4 - 4.
-2
Calculate (4 - 4) + (0 - (3 - 4)).
1
Calculate -3 + -4 + 8 + 3.
4
Calculate 37 + -45 - (-3 - 11).
6
What is the value of -7 + (4 - 3 - -4)?
-2
Evaluate 1 + (-1 - 1 - (5 - 11)).
5
(3 - 10 - -1) + 2
-4
Evaluate (-1 - -3) + 3 - 4.
1
Calculate 17 + -17 + -1 + -3.
-4
-2 - -3 - -1 - (-2 - 1)
5
What is (-3 - (3 + -1)) + (3 - 0)?
-2
(4 + 0 - 2) + 3
5
Evaluate 3 + (-2 - (0 + 2 - 0)).
-1
What is (26 - 30) + (-7 - -4)?
-7
What is -20 + 10 + 6 - (1 + -3)?
-2
Evaluate 14 + (-8 - -5) + -4 + 3.
10
Calculate 5 + (-8 - (-7 - 1)).
5
(-2 - -1) + 4 + -4 + -3
-4
Evaluate 1 + -1 + (-29 - -37) + -5.
3
What is the value of (12 - 5) + -10 - -8?
5
Evaluate -16 - (-7 - (-4 + -2 + 7)).
-8
What is 0 - (-1 - 0) - (-10 + 6)?
5
What is the value of -4 + 2 + (-2 - -7) + -1?
2
What is the value of -27 + (15 - 7) - -8?
-11
Calculate 1 + (0 - (-4 - -6) - -4).
3
What is -3 + (7 - (2 + -3 + 1))?
4
Evaluate -5 - (4 + -6 + 0) - -7.
4
What is the value of 2 + 1 - (5 - (-2 + 4))?
0
What is 15 - (1 + 4) - 7?
3
53 + -44 + 1 + -5
5
Evaluate (10 - (4 + -3)) + -6.
3
What is the value of (2 + -9 - -3) + (-2 - -4)?
-2
Evaluate (15 - 12) + 2 + 0.
5
What is the value of -2 - ((3 - -1 - 10) + 3)?
1
-8 - (-1 + 5 - (9 + -1))
-4
-11 + 11 + (6 - 10)
-4
What is 0 - 1 - (-1 - -1 - -1)?
-2
Evaluate (3 - -3) + -2 + -7.
-3
Calculate 3 + -2 + 9 + -13.
-3
What is 0 + 7 + -2 + -4?
1
Calculate -9 + (5 - (-1 + 2)).
-5
What is the value of 1 + 5 + -11 + 0?
-5
What is the value of 13 + -13 + (-1 - 6)?
-7
What is -1 - (3 + (0 - 0))?
-4
Calculate 1 - (-1 + -1) - (-60 - -66).
-3
What is the value of 28 - 25 - (2 - (0 - 2))?
-1
5 - ((-39 - -35) + (1 - -6))
2
Evaluate -6 - ((-6 - -10) + -8).
-2
What is the value of 5 + -2 + 1 + 5 - 5?
4
What is 4 + 0 + -1 + -4 + 2?
1
What is 10 + -8 - (-3 - 1)?
6
What is the value of -10 - (2 - 3 - (-19 - -22))?
-6
Calculate -4 - ((3 - 5) + -5).
3
Calculate -6 - ((0 - (-2 + 3)) + 0).
-5
What is the value of 0 + -1 - (2 + -10)?
7
Evaluate -3 + (-7 + 2 - -6).
-2
What is the value of (-2 - 1 - 1) + 2 - 2?
-4
Evaluate 20 + 8 + 12 + -32.
8
Calculate (-1 - (13 - 7)) + (-1 - -4).
-4
What is the value of -135 + 134 + (4 - (-1 + 1))?
3
Evaluate -4 - (3 + -6 - -1).
-2
What is 7 - (9 - (5 + 0))?
3
2 + -2 + (1 + 0 - -3)
4
2 + -1 + -5 + 6
2
What is the value of 1 - (1 + -3 + 2 + -4)?
5
5 - (8 + -11 + (0 - -2))
6
What is the value of -4 + (-9 - -5) - -3?
-5
Evaluate 7 + (-14 - -5) - -7.
5
What is -4 - (0 - 3 - (-27 - -28))?
0
Evaluate 5 + 3 + -1 + -5.
2
(1 - 1) + 2 - (-19 - -16)
5
What is the value of -3 - -9 - 2 - (2 + -1)?
3
Evaluate -9 + 15 + -8 - (3 - 2).
-3
-2 + (-11 - (-12 - -6))
-7
Calculate -2 - ((-4 - -8) + -3 - 4).
1
What is the value of (-13 + 3 - -12) + -4?
-2
Evaluate -1 - (4 + (3 - 11) + -2).
5
What is 5 + (-4 - 1) + -7?
-7
What is -1 + 10 + -2 + -3 + 0?
4
Evaluate 1 - (-6 - 1 - -5).
3
Calculate (-7 + (4 - 0) - 1) + 4.
0
Evaluate 4 + (-9 - -5) - (-1 + -2).
3
Evaluate 3 - ((8 - 4) + -1).
0
2 + (-13 - -2) + (9 - 3)
-3
2 + (-2 + 2 + 2 - -1)
5
What is 5 + (0 - 0) + (11 - 11)?
5
What is -3 - (-5 + 3) - -5 - 6?
-2
What is the value of 2 + 3 + -1 + -2?
2
Evaluate -2 + (10 - 12) - (1 - -2).
-7
What is -2 + (5 - (5 + -3))?
1
What is the value of -165 - -178 - (8 + 0)?
5
Evaluate 1 - (3 + 0 + -2 + -2).
2
What is the value of (-9 - (0 + -2)) + (-4 - -7)?
-4
Evaluate -9 - (6 + -10 - (1 - 1)).
-5
What is -1 + 4 - (4 - 0)?
-1
-8 + (3 - -6) - (6 - -1)
-6
-20 - -4 - (9 - 7 - 8)
-10
Evaluate (-1 - -2) + (-13 - -13).
1
Evaluate -9 - (-6 + 1 - 5 - -6).
-5
-8 - (-9 - -16 - 17)
2
-11 + (-9 + 20 - -10)
10
Calculate 3 + (0 - 8) - (-4 - -4).
-5
What is the value of -1 - (-2 + (-1 - 0) - 0)?
2
What is 6 + -2 + (0 - 0) + -5?
-1
What is 2 - (6 - (10 + -4))?
2
What is 3 + -4 - -3 - (3 + -3)?
2
Evaluate -5 + 1 + 14 - 7.
3
Calculate -7 + (-6 + 6 - -2).
-5
What is -7 + 1 + 5 + 2?
1
(-15 - -23 - 15) + 0 + 2
-5
What is the value of -7 - (-14 + 8) - (-14 - -4)?
9
Evaluate 7 - 10 - (1 - 1).
-3
What is the value of -8 + (8 + (11 - 6) - 6)?
-1
What is (-20 - -47) + -19 - (6 - 0)?
2
What is the value of 1 + 7 + (24 - 30)?
2
What is the value of (-1 + 3 - 1) + -9 + 10?
2
What is 44 + -49 + (0 - 1)?
-6
Evaluate (1 - -1) + (5 - (10 + -7)).
4
What is 4 + -3 + 1 + 2 + -8?
-4
What is the value of -4 + (-4 - (2 + -14))?
4
7 + (2 - (2 + 3) - 3)
1
What is 6 - (3 - (-14 - -7))?
-4
Evaluate -6 + -6 + 8 + 8.
4
Evaluate (1 - (-5 - (-1 - 3))) + -4.
-2
Evaluate -2 - ((-1 - 0) + 4 + -9).
4
What is 0 - -3 - -2 - 0?
5
Evaluate 2 + -1 + 1 + -6 + 2.
-2
-10 - -19 - (-7 + 15 + -3)
4
What is the value of 0 - (3 + -2 - 1)?
0
Evaluate 4 - (2 + 7 - 0) - -1.
-4
Calculate 0 + (1 - 8 - 1) + 13.
5
Calculate 4 + -9 - -5 - (1 - 0).
-1
Calculate 4 - (7 - 6) - 8.
-5
Calculate 11 + -10 + -1 + 2.
2
Evaluate 12 + -4 + (5 - 11).
2
Evaluate (-2 - 2) + (0 - -7) + -6.
-3
What is 6 + -3 + 2 - 1?
4
What is -5 + (1 - -4 - 11) + 9?
-2
Evaluate -2 + 7 - ((1 - -1) + 4).
-1
What is the value of (-5 - (-4 + 4 + -2)) + 1?
-2
Calculate -5 + 1 + (-21 - -26) - -1.
2
3 - 3 - (-1 + (7 - 4))
-2
8 + (9 - 13) - 5
-1
Calculate 3 + 12 + -7 - -1.
9
(5 - 1 - -2) + -1
5
What is the value of -2 - (-3 - (-5 + (-5 - -6)))?
-3
What is the value of (3 - -4 - 1) + -5?
1
(-3 - -1) + -6 + 11
3
4 + (-6 - -1) - 1
-2
(3 - (-13 - -6 - -6)) + -13
-9
Calculate 0 - -6 - (19 + -18).
5
What is -5 - -1 - (3 - 5)?
-2
Calculate -14 + 12 + 3 - (-4 + -1).
6
Evaluate (6 - (4 + -4) - 3) + 6.
9
-2 + -1 - (-11 + 4)
4
What is the value of (2 - 6) + (2 + -2 - 1)?
-5
What is the value of 9 + -1 - (37 + -25)?
-4
What is -1 + (1 - (8 + -10))?
2
Evaluate 3 + 3 + -62 + 56.
0
Evaluate (-4 - 1) + -2 + 4 + -6.
-9
(-5 - (-6 - -1)) + -5
-5
Calculate (4 - 0 - (-9 - -21)) + 6.
-2
What is the value of (5 + -22 - -7) + 7 + 6?
3
Evaluate (5 - (-9 - -14)) + -5.
-5
What is 27 + -27 + 7 + -1?
6
Evaluate 0 + 6 + -4 + (-4 - -1).
-1
14 - (2 - (-18 - -12))
6
What is the value of (-26 - -23) + (0 - 0) - 4?
-7
Evaluate 6 + -5 + (-2 - 0 - -3).
2
What is (0 + -10 - -9) + 1 + -6?
-6
What is the value of -7 + (6 - 5 - -1)?
-5
Calculate -1 + 6 + (30 - 37) + 2.
0
20 + -25 + (-1 - -2)
-4
What is 0 - -2 - (11 - (8 - -5))?
4
What is the value of -2 - 1 - (-3 + 4)?
-4
Calculate (1 - 5) + 16 + -17.
-5
Calculate 1 + 1 - (-4 - -4).
2
What is 12 + 4 + -17 + 0 + -1?
-2
Calculate -6 - (6 + -15) - (-1 + -1).
5
What is -5 + -2 + 1 + 1?
-5
Evaluate 6 + -12 + 4 + -1.
-3
What is the value of 3 + (2 - 2 - 0) + 0?
3
Evaluate (-17 - -12) + 0 + 6.
1
Calculate (-7 - (-4 - 0)) + -1.
-4
-7 + (-5 + 24 - 5)
7
Calculate -19 - -23 - (6 - 2).
0
What is the value of 6 - 0 - (-12 + 9 + 6)?
3
Evaluate (0 - 2) + (4 - (3 - 4)).
3
What is the value of -6 + 0 + -6 + (10 - 5)?
-7
Evaluate (2 - (-5 + 20)) + 13 + -5.
-5
What is the value of 5 - 7 - 3 - 0 - -1?
-4
Calculate 3 + 5 + -8 + 3 + 0.
3
What is -3 + (-13 - (8 - 23))?
-1
-3 + (4 - (5 + 1))
-5
What is (1 - 0) + 1 + -8 - -3?
-3
What is -2 + -3 - (5 - 17)?
7
Evaluate (0 - -4) + -1 - -2.
5
What is the value of -1 + 0 + -7 + 6 + 0?
-2
What is -1 - (8 + -2 - (-8 + 13))?
-2
Evaluate (-7 - (-11 + 5)) + -4.
-5
-8 - (-2 - 4) - 5 - -7
0
What is the value of 1 - 6 - (-7 + (-1 - -6))?
-3
What is (40 - 40) + -8 + 1?
-7
Calculate 7 + -12 - (-2 - 1).
-2
5 + (-3 - -3) + -3 - -3
5
-112 + 106 + (0 - -1)
-5
-3 + 3 + 0 + (7 - 6)
1
(0 - (-1 + 1)) + 4
4
What is (5 - 6) + -7 - (7 + -6)?
-9
Calculate 2 + 2 + -4 + 5.
5
What is the value of -3 + (0 + 6 - (2 + 7))?
-6
What is 1 + 10 - (26 - 18